rivative of -m**5/120 + m**4/12 + m**3/6 - m. Let t(i) be the second derivative of d(i). What is t(-6)?
8
Let p(b) = -b**3 + 5*b**2 + 6. Let x be p(5). Let m(j) = 4*j - 2. Let s(w) = -10*w + 10. Let q(f) = 2*m(f) + s(f). Give q(x).
-6
Suppose -8*n = -5*n. Let p(b) = b**3 - b**2 - b + 6. Let c be p(n). Let m(i) = i**2 - 9*i + 6. Determine m(c).
-12
Let q(s) = 3*s**2 + 2*s**2 - 3*s - 4*s. Let a(p) = -14*p**2 + 21*p + 1. Suppose 119 = 14*d - 7*d. Let o(n) = d*q(n) + 6*a(n). Give o(-4).
-6
Let l(n) = 4*n**2 + n. Suppose 2*s - 7 = -5. Let d be 63/(-105) - (-4)/(-10)*s. What is l(d)?
3
Let u(x) = -x**2 - 2*x - 7. Suppose 33*d = -2 - 31. Let n(i) be the first derivative of -i + 1. Let h(l) = d*u(l) + 6*n(l). What is h(-1)?
0
Let q(p) = p**3 + 12*p**2 + 9*p - 15. Suppose -1004*y + 1010*y + 66 = 0. Calculate q(y).
7
Suppose 144 = 74*f - 26*f. Let a(b) = b**3 + 2*b**2 - 5*b + 2. Calculate a(f).
32
Let b(t) = 3*t**3 - 3*t**3 - 3*t**2 - 4 + 0*t**3 + t - t**3. Let s(w) = w**3 + 3*w**2 - w + 4. Let x(f) = 7*b(f) + 6*s(f). What is x(-3)?
-7
Let k(a) = a**3 - 6*a**2 + 4*a - 1. Suppose -2*z + 8 = -2*o, -3*z + 4*o = -14 + 1. Suppose -5*p = 3*h - 52 + 12, -h + z*p - 10 = 0. Calculate k(h).
-6
Let b(z) be the first derivative of -z**2/2 - 2*z + 78. Give b(-6).
4
Let t(b) = -b**2 + 2*b - 8. Suppose 3*s + 9 = 0, -5*n + 2*s = -3*s - 15. Calculate t(n).
-8
Suppose 0 = -6*c + 116 - 122. Let z(w) = 44*w**2. Give z(c).
44
Let a(m) be the first derivative of -m**4/4 + 11*m**3/3 - 11*m**2/2 + m - 130. Give a(10).
-9
Let p be (-4 - (0 + -3)) + (13 - 17). Let x(j) = -j**3 - 4*j**2 + 5*j + 4. Calculate x(p).
4
Let y = 11 - 9. Let g(f) = -9*f + f**y + 3*f**2 + 11 + 0*f**2 - 3*f**2. What is g(8)?
3
Let z(y) = -5*y**2 - 23*y + 2. Let q(l) = -11*l**2 - 47*l + 4. Let f(s) = 6*q(s) - 13*z(s). Calculate f(17).
-2
Let l(m) be the first derivative of -m**4/2 + 4*m**3/3 - 2*m**2 + 4*m + 25. Let z be l(2). Let h(u) = 2*u**2 + 4*u + 1. Calculate h(z).
17
Let v(d) = -d**2 + d + 4. Let o = -12 + -3. Let c = -6 - o. Suppose c*p - 4*p = 0. What is v(p)?
4
Let t(l) be the first derivative of l**3/3 + 11*l**2/2 + 5*l + 823. Calculate t(-9).
-13
Let q(d) be the first derivative of 23*d**2 + d + 194. What is q(-1)?
-45
Let u(z) be the second derivative of -z**5/60 + z**4/8 + z**3/2 + 7*z**2 - 5*z. Let k(h) be the first derivative of u(h). Determine k(5).
-7
Let l(j) = -5*j**2 + 4*j**2 - 2 + 2*j**2 - j. Suppose 0 = 15*n - 11*n - 96. Suppose -24 = -4*g - n. Determine l(g).
-2
Let z be (-4)/18*(-663)/(-170)*-5. Let x(g) be the first derivative of 0*g**2 - g + 2 - z*g**3. Give x(-1).
-14
Let r be (-156)/(-60) - 2/(-5). Let d(n) = -10 - n - 3*n**r - 7*n - 5*n**2 + 12 + 4*n**3. Suppose 21 = 5*g - 2*u - u, -3*g + 2*u + 12 = 0. Determine d(g).
-10
Suppose 12*t - 15*t = 24. Let d be (-4 + (-20)/t)*4*1. Let r(m) = -m**3 - 6*m**2 - 2*m - 4. Give r(d).
8
Let j(m) be the second derivative of m**5/5 + m**4/12 - m**3/6 - 171*m. Give j(1).
4
Let a(g) = -g + 2. Let q be a(0). Let p = 26 + -23. Let c(n) = -5*n - 3. Let z(i) = 4*i + 2. Let k(j) = p*z(j) + 2*c(j). Calculate k(q).
4
Let b(u) = -4*u - 7. Let n(s) = 5*s - 3*s - s. Let a(v) = -b(v) - 3*n(v). Suppose -11 - 13 = 4*h. Determine a(h).
1
Let t(w) = 7*w**3 + 4*w**2 + 5*w + 11. Let i(y) = 2*y**3 + y**2 + y + 2. Let k(l) = -4*i(l) + t(l). Suppose 0*a + 5*a = 0. What is k(a)?
3
Let h = -27 - -33. Suppose 2*t + 48 = -h*t. Let y(q) = -2*q - 5. Determine y(t).
7
Let b(u) = u**2 + u - 36. Let j(s) = -96*s - 378. Let k be j(-4). Calculate b(k).
6
Let d(i) = -i**2 - 4*i + 6. Let u(q) = -2*q**2 - 9*q + 11. Let w(y) = -5*d(y) + 3*u(y). Calculate w(-7).
3
Let u = -3430 - -3440. Let k(n) = -2*n + 22. Let m(s) = -s + 11. Let h(d) = -3*k(d) + 5*m(d). What is h(u)?
-1
Let d(v) = v + 4. Suppose -2 = -10*x - 32. What is d(x)?
1
Let v(d) be the first derivative of -d**3/3 - 3*d**2/2 + 1. Let q(y) = 3*y**2 + 6*y - 5. Let t be q(-5). Let s = 38 - t. What is v(s)?
2
Let h(c) be the second derivative of c**4/12 - c**3/2 - 3*c**2/2 - 358*c. What is h(4)?
1
Let z(p) = 196 + p + p**2 - 3*p - 196. Give z(2).
0
Let s(r) = 0*r + 8*r + 36*r**2 - 3 - 35*r**2 + 4*r. Give s(-11).
-14
Let n(l) = -l**2 - 9*l - 10. Suppose -78 = 13*t + 39. What is n(t)?
-10
Let y(p) = p**3 - 3*p**2 + p. Let a = -38 - -42. Suppose 2*m = -2*l - 0 + 4, a*l = 2*m + 8. Calculate y(l).
-2
Let v(s) = s**2 - s - 1. Suppose 3*a - 5*j - 20 = 0, 4*a - 3*j - j - 16 = 0. Let w(t) = -t**3 + t**2 + t + 2. Let u be w(a). Determine v(u).
1
Suppose -5*v - 91 = -3*j, -j + 2*v + 7 = 5*v. Let f(o) = -14*o + j*o - 7*o. What is f(6)?
6
Let g = 76 - 70. Let k(a) = -3*a**2 - 8 - a + 13 - 8*a**2 - g. Determine k(-1).
-11
Suppose 0 = 3*q - 15 + 3. Suppose -3*s - 6 = 2*k + 13, 3*s + 35 = -q*k. Let h = k + 15. Let y(z) = -z**2 + 9*z - 7. Calculate y(h).
7
Let p = 3 + -1. Let c(l) = 8*l + l - 3*l + 1 + p*l. Calculate c(-1).
-7
Suppose 16 = 5*p - a, -p = -3*a + 13 - 19. Let m(x) = -x**2 - 3*x + 6. Determine m(p).
-12
Let y(x) = -14*x**2 - 7*x - 11. Let i(s) = -5*s**2 - 3*s - 4. Let c(f) = -17*i(f) + 6*y(f). Calculate c(-6).
-16
Let d(h) = -h**2 + 6*h - 2. Let t be d(5). Let o(x) be the second derivative of -x**5/20 + x**4/6 - x**2/2 + 1999*x. What is o(t)?
-10
Let x = 0 - -1. Let u(g) = -68*g**2 - 264*g + 5. Let d(s) = 41*s**2 + 154*s - 3. Let j(y) = 12*d(y) + 7*u(y). What is j(x)?
15
Suppose -12*s = 43 + 5. Let c(f) be the third derivative of 0*f + 0*f**3 + 2*f**2 + 0 - 1/120*f**6 - 1/15*f**5 - 1/8*f**4. Give c(s).
12
Let c(j) = -9*j + 10. Let x = 84 + -118. Let t = x + 23. Let u(f) = -5*f + 5. Let s(a) = t*u(a) + 6*c(a). Give s(-4).
1
Let o(r) = 6*r. Let b(w) = -7*w. Let i(u) = -5*b(u) - 6*o(u). Suppose -a + 172 = -3*a. Let y be a/(-18) + (-2)/(-9). What is i(y)?
-5
Let f(r) = r**3 + 7*r**2 + 7*r + 7. Let y = -306 - -301. Calculate f(y).
22
Let n(a) = -8*a**2 - 51*a - 51. Let b be n(-1). Let l(q) = q**2 + 5*q - 25. Calculate l(b).
-1
Let l(n) = n**3 - n**2 - 3*n - 3. Let t(w) = -2*w**3 + 3*w + 4. Let a(f) = -3*l(f) - 2*t(f). Let q be (-15)/8 + (-26)/208. Determine a(q).
-1
Let j(o) = -18*o**3 - o - 1. Let f be j(-1). Let h = f - 12. Let y(d) = d**3 - 5*d**2 - 5*d - 6. Let k be y(h). Let t(g) = g**2 + 9. Calculate t(k).
9
Let q(a) = -a**2 + 13*a + 18. Let p be q(14). Suppose 0 = -p*g + 65 - 21. Let f(o) = o - g*o**2 + 10*o**2 + 0 + 2. What is f(0)?
2
Let i(f) = 2*f - 1 - 4*f - 3*f - f**2 - 1. What is i(-5)?
-2
Let g(q) = -q - 2. Let p(f) = 23*f + 189. Let c be p(-8). What is g(c)?
-7
Let m(v) = -v**2 + 7*v + 4. Suppose 17*l - 69 = 67. Calculate m(l).
-4
Suppose -h - 52 = 5*g - 27, 0 = 2*g - 5*h - 17. Let r(b) = -5*b + 4. What is r(g)?
24
Let p(u) = u**3 + 5*u**2 + u - 4. Let z be (0 + 4)*(-10)/(-4). Let g(q) = q**3 - 9*q**2 - 10*q - 4. Let k be g(z). Determine p(k).
8
Let c(j) = 4*j + 7. Let q = 1062 - 1065. What is c(q)?
-5
Suppose 0 = -2*r - 3*f + 4, 2*r = -2*r + 3*f - 10. Let j(c) be the second derivative of -13*c**4/12 - c**3/6 + c. Determine j(r).
-12
Suppose 39*q - 34*q - 50 = 0. Let v be -5 + 152/40 + 2/q. Let j(b) = b**2 - b. What is j(v)?
2
Suppose 3*j - 28 = -2*l, 2*l = -23*j + 21*j + 20. Let x(t) = t**3 - 9*t**2 + 6*t + 11. Give x(j).
-5
Let r(z) = -z**3 + 7*z**2 - 6*z + 4. Let q be r(5). Let k = -406 + 389. Let i = q + k. Let f(g) = -g**3 + 7*g**2 - 7. What is f(i)?
-7
Let w(x) = -1. Let z(g) = g - 5. Let t(j) = 2*w(j) - z(j). Let r be t(6). Let o(b) = -b**3 - 5*b**2 - 2*b - 3. Determine o(r).
-15
Let v be (-15)/6*6/5. Suppose -5*y + 4 + 9 = -3*s, 5*s = -3*y + 1. Let h(c) = 3*c + y + 2 - 2*c. Give h(v).
1
Let y be ((5 - 1) + -6)*3. Let u be (12/(-18))/((-4)/y). Let f(m) = 8*m**3 - m**2 - m - 1. What is f(u)?
-9
Let o be 20/(-5)*(-6)/(-8). Let u be 3 + 2*((-5)/(-2) - 3). Let t(k) = -2*k + 2*k - k - u + 2*k. Calculate t(o).
-5
Let p = 68 - 63. Let h(g) = -g**3 + 6*g**2 - 5*g + 7. What is h(p)?
7
Let s(k) be the second derivative of 2*k**3/3 - 3*k**2 - 263*k. What is s(-3)?
-18
Let l(a) be the third derivative of a**6/120 + a**5/15 - 7*a**4/24 - a**3/2 + 451*a**2. Give l(-5).
7
Suppose l - 5*o = -0*l + 13, 5 = -3*l + 4*o. Let w be (-2 - -6*3/6) + l. Let q(n) = n**3 + 5*n**2 - 7*n. Calculate q(w).
6
Let z(a) = 4*a - 336171 + a**3 + 3*a**2 + 336176 + 4*a**2. Determine z(-4).
37
Let v(s) = -s - 2*s**2 + 11 + 6*s + 12. Let c(h) 